
-63e054
What is 102a9e (base 16) in base 13?
2b131c
-236522 (base 7) to base 9
-65148
-353198 (base 10) to base 3
-122221111102
Convert 54543010 (base 7) to base 14.
89c8b0
What is -100010011010111000000 (base 2) in base 7?
-12405154
-3a9703b (base 12) to base 6
-1053332115
1435447 (base 8) to base 12
17839b
What is 69b29 (base 12) in base 10?
141585
What is -33566226 (base 7) in base 15?
-3cb663
3a68646 (base 11) to base 15
93b4c8
What is 53c550 (base 16) in base 10?
5490000
-110001000100101011 (base 2) to base 10
-201003
Convert -352623 (base 7) to base 13.
-22b39
Convert 137603 (base 8) to base 16.
bf83
Convert -6c1991 (base 16) to base 6.
-411502145
-2310013 (base 4) to base 6
-125211
Convert 38053 (base 11) to base 10.
54629
What is -279054 (base 10) in base 16?
-4420e
Convert -341301 (base 8) to base 10.
-115393
-59854 (base 15) to base 13
-9cb83
102002012 (base 4) to base 13
27809
What is 6670aa (base 16) in base 10?
6713514
Convert 17b449 (base 14) to base 10.
837769
10ac3 (base 14) to base 13
155c0
20013100111 (base 4) to base 6
113330341
Convert 12384514 (base 10) to base 3.
212022012100201
Convert 100012100021 (base 3) to base 16.
2c332
Convert 4017211 (base 8) to base 3.
1222200002200
What is bb126c (base 14) in base 6?
343532304
What is -1146496 (base 11) in base 13?
-5502b0
129634 (base 11) to base 3
101022120022
-101001101101011 (base 2) to base 10
-21355
2a0c92 (base 13) to base 15
155448
Convert 139614 (base 11) to base 12.
a5b92
What is -4a993 (base 11) in base 13?
-27345
-3112413 (base 5) to base 14
-14819
-10144400 (base 6) to base 3
-112221011100
1100110001100100001111 (base 2) to base 4
30301210033
What is 1559 (base 14) in base 13?
1967
What is 4c08 (base 16) in base 3?
222200220
Convert -13001321133 (base 5) to base 15.
-15926cd
Convert -1024347 (base 9) to base 7.
-4440661
Convert -4776bb (base 12) to base 3.
-2011121102022
1102100110122 (base 3) to base 14
159144
Convert -38577 (base 13) to base 2.
-11001011100001010
What is -91a7 (base 13) in base 11?
-140a4
Convert 23101313 (base 5) to base 4.
302121322
Convert 1010101100101110010010 (base 2) to base 9.
5244201
Convert -18d6b9 (base 15) to base 3.
-2021110111110
1505899 (base 11) to base 6
131221255
What is 4135515 (base 8) in base 4?
10023231031
Convert -302424135 (base 6) to base 9.
-10644435
-8455431 (base 9) to base 15
-5e5901
1565551 (base 8) to base 9
761047
What is 245520 (base 7) in base 13?
17754
Convert -6203687 (base 9) to base 15.
-4558d1
What is 121a22 (base 14) in base 16?
9737e
What is -22524064 (base 8) in base 3?
-100012120120000
Convert 10224420 (base 5) to base 7.
506262
What is -59e8 (base 16) in base 5?
-1214031
What is 20423425 (base 7) in base 16?
1a4028
Convert -536423 (base 7) to base 4.
-112311011
What is -231421 (base 5) in base 13?
-3a62
Convert -27480885 (base 9) to base 10.
-13575434
-135512 (base 9) to base 12
-3bab5
What is -295ca (base 16) in base 13?
-5c162
Convert 11022202021001 (base 3) to base 8.
10610216
What is -20120022210 (base 3) in base 9?
-216283
-3223233 (base 5) to base 2
-1101011000100010
-282a2 (base 16) to base 15
-33b29
Convert 594236 (base 15) to base 16.
411a05
What is 507742 (base 8) in base 14?
45294
Convert 317067 (base 8) to base 13.
3935b
Convert 55456751 (base 8) to base 10.
11951593
Convert cbcc (base 13) to base 5.
1402031
What is -100111010010111110 (base 2) in base 6?
-3241102
-1af213 (base 16) to base 9
-3281328
What is -10402223 (base 5) in base 2?
-10110001100111010
What is 13581a (base 13) in base 8?
1624530
-104 (base 14) to base 4
-3020
What is -6914161 (base 10) in base 13?
-1581127
-247313 (base 9) to base 12
-72770
Convert 67645 (base 11) to base 9.
158310
Convert 111101100011000001111 (base 2) to base 10.
2016783
4636767 (base 8) to base 3
2101001211110
What is 1e448b (base 16) in base 5?
1001434002
1000310333 (base 4) to base 16
40d3f
Convert c7ed (base 16) to base 8.
143755
What is -173717 (base 9) in base 8?
-322342
111123123 (base 4) to base 2
10101011011011011
What is 10148380 (base 9) in base 10?
4874409
What is -2848516 (base 9) in base 16?
-17ec1a
-17614347 (base 8) to base 12
-1475033
What is -32055443 (base 6) in base 7?
-10666002
4d20 (base 15) to base 7
65655
What is 10551 (base 15) in base 6?
1035534
What is -612401 (base 8) in base 5?
-22430420
-101221202121202 (base 3) to base 6
-324435245
4430101 (base 6) to base 14
5aac5
61d0 (base 16) to base 11
178a4
What is -607327 (base 10) in base 15?
-bee37
Convert 22011122222 (base 3) to base 2.
100111010001100001
Convert 42066603 (base 7) to base 14.
684503
What is 26ab (base 13) in base 7?
22115
Convert -2438594 (base 10) to base 16.
-2535c2
Convert 22985 (base 12) to base 5.
2440300
-686165 (base 9) to base 5
-101130141
What is -21122021202 (base 3) in base 6?
-3120115
What is 27730550 (base 9) in base 3?
221211000121200
What is 67786 (base 12) in base 14?
38222
12121202111220 (base 3) to base 16
2d9450
Convert 544346 (base 7) to base 14.
26996
-10010101111110000110 (base 2) to base 5
-124124103
Convert -2120022010010 (base 3) to base 2.
-101001101000001001011
What is -259b1 (base 14) in base 9?
-150755
What is -45531 (base 7) in base 13?
-5373
What is 2283a (base 16) in base 6?
3010254
-31002322000 (base 4) to base 16
-342e80
-332363 (base 7) to base 3
-2222020202
What is 2310315 (base 6) in base 11?
80773
-30032 (base 13) to base 2
-10100111011011100
-119bb9 (base 12) to base 13
-a0740
What is 546367 (base 8) in base 13?
65709
Convert -1214814 (base 9) to base 3.
-1020111220111
Convert -1149238 (base 10) to base 5.
-243233423
Convert 12e17 (base 15) to base 5.
3414142
Convert -1005618 (base 9) to base 5.
-114114324
Convert 627623 (base 8) to base 7.
1526465
Convert -667233 (base 10) to base 16.
-a2e61
10022424 (base 5) to base 9
131338
Convert -18a86a0 (base 11) to base 16.
-3119c7
-100000001110110001010 (base 2) to base 5
-232244023
Convert -154314135 (base 6) to base 14.
-61972b
What is -4491839 (base 10) in base 14?
-84cd79
Convert c15d (base 14) to base 2.
1000000110110111
What is -285497 (base 11) in base 5?
-103241400
-43513 (base 15) to base 16
-34308
What is -45823a2 (base 11) in base 9?
-16061060
What is -104511561 (base 7) in base 9?
-12805710
Convert -18458 (base 14) to base 12.
-2b526
Convert 45749 (base 11) to base 8.
201107
-1674885 (base 9) to base 14
-1a4bd5
-21100011012022 (base 3) to base 14
-737565
1914b7 (base 13) to base 2
10011010001001000101
What is 1447a2 (base 13) in base 5?
111330030
What is -5ba10a (base 12) in base 3?
-2210200110201
What is ca574 (base 14) in base 6?
14254134
Convert -2c4b19 (base 14) to base 8.
-5722743
What is -6563 (base 12) in base 10?
-11163
53092d (base 15) to base 16
3c48e2
Convert -37f8f (base 16) to base 5.
-24314023
29ea5 (base 15) to base 11
92414
Convert 112210212 (base 3) to base 15.
32eb
5285 (base 9) to base 13
19ca
What is -650367 (base 8) in base 13?
-77c01
What is 6773e5 (base 16) in base 7?
111425256
Convert 131223210133 (base 4) to base 6.
434433251
542381 (base 16) to base 15
73dc28
Convert 151353 (base 10) to base 12.
73709
-3162526 (base 11) to base 5
-2411120000
Convert -1a6e9d (base 15) to base 12.
-522071
What is -52164a7 (base 11) in base 12?
-30b9a7b
10201150 (base 7) to base 15
11e174
Convert -10231120 (base 5) to base 16.
-1518a
Convert 1111101101100101011 (base 2) to base 13.
150467
What is -2459871 (base 10) in base 13?
-68185b
-36321 (base 13) to base 6
-2044103
2000110440 (base 5) to base 4
32322213220
2231112020 (base 4) to base 13
1bb243
Convert 95df3 (base 16) to base 7.
5134503
Convert 2be347 (base 16) to base 2.
1010111110001101000111
1478967 (base 10) to base 7
15366600
What is 3223313 (base 6) in base 2?
100110110010011101
What is -2342340 (base 5) in base 3?
-2012122000
Convert -272826 (base 10) to base 9.
-455220
What is 212882 (base 9) in base 14?
3431d
1c8a9 (base 15) to base 4
112232130
Convert -c49eb (base 15) to base 12.
-260812
What is 30275 (base 8) in base 11?
9413
What is 18ea1 (base 16) in base 6?
2104241
-211c81 (base 13) to base 8
-2752465
-3502133 (base 6) to base 4
-223302021
Convert 35545a3 (base 11) to base 10.
6199185
10111101110000 (base 2) to base 13
56b2
What is -335515 (base 6) in base 13?
-cc74
-12333303 (base 5) to bas